{"id":19,"date":"2024-06-06T19:24:20","date_gmt":"2024-06-06T22:24:20","guid":{"rendered":"https:\/\/antigasfabricasdorio.espm.edu.br\/?page_id=19"},"modified":"2025-08-24T10:18:33","modified_gmt":"2025-08-24T13:18:33","slug":"home","status":"publish","type":"page","link":"https:\/\/antigasfabricasdorio.espm.edu.br\/","title":{"rendered":"Institucional"},"content":{"rendered":"\n<p class=\"has-text-align-left has-small-font-size\">O projeto de pesquisa <strong>Refuncionaliza\u00e7\u00e3o de instala\u00e7\u00f5es industriais em espa\u00e7os da economia criativa: patrim\u00f4nio industrial e <\/strong><strong>transforma\u00e7\u00e3o de instala\u00e7\u00f5es industriais em espa\u00e7os culturais, criativos e de consumo<\/strong><strong> na cidade do Rio de Janeiro<\/strong> \u00e9 financiado atrav\u00e9s da Chamada do Conselho Nacional de Desenvolvimento Cient\u00edfico e Tecnol\u00f3gico, atrav\u00e9s do Minist\u00e9rio da Ci\u00eancia, Tecnologia e Inova\u00e7\u00f5es e do Fundo Nacional de Desenvolvimento Cient\u00edfico e Tecnol\u00f3gico (CNPq\/MCTI\/FNDCT)<strong> <\/strong>de n\u00ba40\/2022 \u2013 Pr\u00f3 Humanidades. A vig\u00eancia do projeto \u00e9 de dezembro de 2022 a fevereiro de 2026.<\/p>\n\n\n\n<p>A pesquisa est\u00e1 sendo realizada no \u00e2mbito do PPGECEI &#8211; Programa de P\u00f3s-Gradua\u00e7\u00e3o em Gest\u00e3o da Economia Criativa, Estrat\u00e9gia e Inova\u00e7\u00e3o da ESPM Rio. O Programa desenvolve estudos e projetos que v\u00e3o al\u00e9m das ind\u00fastrias criativas, cujas aplica\u00e7\u00f5es transbordam para outros setores e podem ser mobilizadas para ganhos de competitividade de empresas, cria\u00e7\u00e3o de novos modelos de neg\u00f3cio, potencializa\u00e7\u00e3o do empreendedorismo e da inova\u00e7\u00e3o, fortalecimento do desenvolvimento econ\u00f4mico das cidades, e para a contribui\u00e7\u00e3o no esfor\u00e7o para redu\u00e7\u00e3o das desigualdades (sociais, de g\u00eanero, raciais e outras).<\/p>\n\n\n\n<p>Equipe: Prof. Dra. Silvia Borges Corr\u00eaa \u2013 Coordena\u00e7\u00e3o.<\/p>\n\n\n\n<p>Colabora\u00e7\u00e3o: Prof. Dr. Jo\u00e3o Luiz de Figueiredo Silva, Prof. Dr. Daniel Kamlot, Prof. Dra. Luciana Lima Guilherme e Prof. Dra. Veranise Jacubowski Correia Dubeux<\/p>\n\n\n\n<p class=\"has-text-align-left has-small-font-size\">Bolsistas: Jo\u00e3o Caldas, Leonardo Dutra de Moraes, Mariana Martins Pinheiro, Mariana Rodrigues de Sousa Cardoso, Ohana Cristine da Silva Rodrigues e Thiago Mendon\u00e7a Vargas.<\/p>\n\n\n\n<p>Webmaster: Marcello Rosauro<\/p>\n\n\n\n<hr class=\"wp-block-separator has-text-color has-lightgrey-color has-alpha-channel-opacity has-lightgrey-background-color has-background is-style-dots\"\/>\n\n\n\n<div class=\"wp-block-columns is-layout-flex wp-container-core-columns-is-layout-28f84493 wp-block-columns-is-layout-flex\">\n<div class=\"wp-block-column is-layout-flow wp-block-column-is-layout-flow\">\n<p class=\"has-tertiary-color has-text-color has-link-color has-small-font-size wp-elements-5fa311135876069caa295540cc68481c\"><strong><em>Arquivo Nacional<\/em><\/strong><\/p>\n\n\n\n<figure class=\"wp-block-image size-large has-custom-border\"><img fetchpriority=\"high\" decoding=\"async\" width=\"864\" height=\"1024\" src=\"https:\/\/antigasfabricasdorio.espm.edu.br\/wp-content\/uploads\/2024\/12\/dstq_1080x1280_Arquivo-864x1024.jpg\" alt=\"\" class=\"has-border-color has-lightgrey-border-color wp-image-33\" style=\"border-width:1px\" srcset=\"https:\/\/antigasfabricasdorio.espm.edu.br\/wp-content\/uploads\/2024\/12\/dstq_1080x1280_Arquivo-864x1024.jpg 864w, https:\/\/antigasfabricasdorio.espm.edu.br\/wp-content\/uploads\/2024\/12\/dstq_1080x1280_Arquivo-253x300.jpg 253w, https:\/\/antigasfabricasdorio.espm.edu.br\/wp-content\/uploads\/2024\/12\/dstq_1080x1280_Arquivo.jpg 1080w\" sizes=\"(max-width: 864px) 100vw, 864px\" \/><\/figure>\n\n\n\n<p>Antiga Casa da Moeda no per\u00edodo de 1868 a 1963, localizada no Centro do Rio de Janeiro.&nbsp;<\/p>\n<\/div>\n\n\n\n<div class=\"wp-block-column is-layout-flow wp-block-column-is-layout-flow\">\n<p class=\"has-tertiary-color has-text-color has-link-color wp-elements-96706094157cf7b5f334b2e61a991226\"><strong><em>Casa Fran\u00e7a Brasil<\/em><\/strong><\/p>\n\n\n\n<figure class=\"wp-block-image size-large has-custom-border\"><img decoding=\"async\" width=\"864\" height=\"1024\" src=\"https:\/\/antigasfabricasdorio.espm.edu.br\/wp-content\/uploads\/2024\/12\/dstq3_1080x1280_Arquivo-864x1024.jpg\" alt=\"\" class=\"has-border-color has-lightgrey-border-color wp-image-42\" style=\"border-width:1px\" srcset=\"https:\/\/antigasfabricasdorio.espm.edu.br\/wp-content\/uploads\/2024\/12\/dstq3_1080x1280_Arquivo-864x1024.jpg 864w, https:\/\/antigasfabricasdorio.espm.edu.br\/wp-content\/uploads\/2024\/12\/dstq3_1080x1280_Arquivo-253x300.jpg 253w, https:\/\/antigasfabricasdorio.espm.edu.br\/wp-content\/uploads\/2024\/12\/dstq3_1080x1280_Arquivo.jpg 1080w\" sizes=\"(max-width: 864px) 100vw, 864px\" \/><\/figure>\n\n\n\n<p>Denominada como Alf\u00e2ndega, o espa\u00e7o localizado no Centro do Rio de Janeiro, atuava como galp\u00e3o para navega\u00e7\u00e3o de cargas entre o per\u00edodo de 1820 e 1944<\/p>\n<\/div>\n\n\n\n<div class=\"wp-block-column is-layout-flow wp-block-column-is-layout-flow\">\n<p class=\"has-tertiary-color has-text-color has-link-color wp-elements-7bc170efe231e215d0beba8bed46b835\"><strong><em>Gas\u00f4metro<\/em><\/strong><\/p>\n\n\n\n<figure class=\"wp-block-image size-large has-custom-border\"><img decoding=\"async\" width=\"864\" height=\"1024\" src=\"https:\/\/antigasfabricasdorio.espm.edu.br\/wp-content\/uploads\/2025\/02\/dstq2_1080x1280_gasometro-864x1024.jpg\" alt=\"\" class=\"has-border-color has-lightgrey-border-color wp-image-76\" style=\"border-width:1px\" srcset=\"https:\/\/antigasfabricasdorio.espm.edu.br\/wp-content\/uploads\/2025\/02\/dstq2_1080x1280_gasometro-864x1024.jpg 864w, https:\/\/antigasfabricasdorio.espm.edu.br\/wp-content\/uploads\/2025\/02\/dstq2_1080x1280_gasometro-253x300.jpg 253w, https:\/\/antigasfabricasdorio.espm.edu.br\/wp-content\/uploads\/2025\/02\/dstq2_1080x1280_gasometro.jpg 1080w\" sizes=\"(max-width: 864px) 100vw, 864px\" \/><\/figure>\n\n\n\n<p class=\"has-primary-color has-text-color has-link-color wp-elements-d16ad65a16dc0dd2ea16b5f0c3cb276c\">Localizado em S\u00e3o Crist\u00f3v\u00e3o, o espa\u00e7o tem o planejamento de ser o futuro Est\u00e1dio do Clube de Regatas do Flamengo<br><\/p>\n<\/div>\n<\/div>\n\n\n\n<div style=\"height:66px\" aria-hidden=\"true\" class=\"wp-block-spacer\"><\/div>\n\n\n\n<hr class=\"wp-block-separator has-text-color has-lightgrey-color has-alpha-channel-opacity has-lightgrey-background-color has-background is-style-dots\" style=\"margin-top:0;margin-bottom:0\"\/>\n\n\n\n<p class=\"has-text-align-left has-background-color has-text-color has-background has-link-color wp-elements-6be42de8a9ff32a3957fe2b419c6cf27\" style=\"background:linear-gradient(135deg,rgb(157,157,157) 0%,rgb(255,139,0) 99%);font-style:italic;font-weight:100\">Se entiende por patrimonio industrial el conjunto de los bienes muebles, inmuebles y sistemas de sociabilidad relacionados con la cultura del trabajo que han sido generados&nbsp; por las actividades de extracci\u00f3n, de transformaci\u00f3n, de transporte, de distribuci\u00f3n y de gesti\u00f3n generados por el sistema econ\u00f3mico surgido de la \u201crevoluci\u00f3n industrial\u201d. Estos bienes se deben entender como un todo compuesto por el paisaje en el que se integran, las relaciones industriales en que se estructuran, las arquitecturas que los caracterizan, las t\u00e9cnicas utilizadas en sus procedimientos, los archivos generados durante su actividad y sus pr\u00e1cticas de car\u00e1cter simb\u00f3lico.<\/p>\n\n\n\n<p class=\"has-text-align-right has-x-small-font-size\">Carta de Sevilla de Patrim\u00f3nio Industrial 2018<br>International Committee for Conservation Industrial Heritage (TICCIH)<\/p>\n\n\n\n<p class=\"has-text-align-center\"><\/p>\n\n\n\n<p><\/p>\n","protected":false},"excerpt":{"rendered":"<p>O projeto de pesquisa Refuncionaliza\u00e7\u00e3o de instala\u00e7\u00f5es industriais em espa\u00e7os da economia criativa: patrim\u00f4nio industrial e transforma\u00e7\u00e3o de instala\u00e7\u00f5es industriais em espa\u00e7os culturais, criativos e de consumo na cidade do Rio de Janeiro \u00e9 financiado atrav\u00e9s da Chamada do Conselho Nacional de Desenvolvimento Cient\u00edfico e Tecnol\u00f3gico, atrav\u00e9s do Minist\u00e9rio da Ci\u00eancia, Tecnologia e Inova\u00e7\u00f5es e &hellip; <\/p>\n<p class=\"link-more\"><a href=\"https:\/\/antigasfabricasdorio.espm.edu.br\/\" class=\"more-link\">Read more<span class=\"screen-reader-text\"> &#8220;Institucional&#8221;<\/span><\/a><\/p>\n","protected":false},"author":3,"featured_media":22,"parent":0,"menu_order":0,"comment_status":"closed","ping_status":"closed","template":"","meta":{"footnotes":""},"class_list":["post-19","page","type-page","status-publish","has-post-thumbnail","hentry"],"_links":{"self":[{"href":"https:\/\/antigasfabricasdorio.espm.edu.br\/index.php?rest_route=\/wp\/v2\/pages\/19","targetHints":{"allow":["GET"]}}],"collection":[{"href":"https:\/\/antigasfabricasdorio.espm.edu.br\/index.php?rest_route=\/wp\/v2\/pages"}],"about":[{"href":"https:\/\/antigasfabricasdorio.espm.edu.br\/index.php?rest_route=\/wp\/v2\/types\/page"}],"author":[{"embeddable":true,"href":"https:\/\/antigasfabricasdorio.espm.edu.br\/index.php?rest_route=\/wp\/v2\/users\/3"}],"replies":[{"embeddable":true,"href":"https:\/\/antigasfabricasdorio.espm.edu.br\/index.php?rest_route=%2Fwp%2Fv2%2Fcomments&post=19"}],"version-history":[{"count":0,"href":"https:\/\/antigasfabricasdorio.espm.edu.br\/index.php?rest_route=\/wp\/v2\/pages\/19\/revisions"}],"wp:featuredmedia":[{"embeddable":true,"href":"https:\/\/antigasfabricasdorio.espm.edu.br\/index.php?rest_route=\/wp\/v2\/media\/22"}],"wp:attachment":[{"href":"https:\/\/antigasfabricasdorio.espm.edu.br\/index.php?rest_route=%2Fwp%2Fv2%2Fmedia&parent=19"}],"curies":[{"name":"wp","href":"https:\/\/api.w.org\/{rel}","templated":true}]}}

<p class="has-text-align-left has-small-font-size">O projeto de pesquisa <strong>Refuncionalização de instalações industriais em espaços da economia criativa: patrimônio industrial e </strong><strong>transformação de instalações industriais em espaços culturais, criativos e de consumo</strong><strong> na cidade do Rio de Janeiro</strong> é financiado através da Chamada do Conselho Nacional de Desenvolvimento Científico e Tecnológico, através do Ministério da Ciência, Tecnologia e Inovações e do Fundo Nacional de Desenvolvimento Científico e Tecnológico (CNPq/MCTI/FNDCT)<strong> </strong>de nº40/2022 – Pró Humanidades. A vigência do projeto é de dezembro de 2022 a fevereiro de 2026.</p>



<p>A pesquisa está sendo realizada no âmbito do PPGECEI &#8211; Programa de Pós-Graduação em Gestão da Economia Criativa, Estratégia e Inovação da ESPM Rio. O Programa desenvolve estudos e projetos que vão além das indústrias criativas, cujas aplicações transbordam para outros setores e podem ser mobilizadas para ganhos de competitividade de empresas, criação de novos modelos de negócio, potencialização do empreendedorismo e da inovação, fortalecimento do desenvolvimento econômico das cidades, e para a contribuição no esforço para redução das desigualdades (sociais, de gênero, raciais e outras).</p>



<p>Equipe: Prof. Dra. Silvia Borges Corrêa – Coordenação.</p>



<p>Colaboração: Prof. Dr. João Luiz de Figueiredo Silva, Prof. Dr. Daniel Kamlot, Prof. Dra. Luciana Lima Guilherme e Prof. Dra. Veranise Jacubowski Correia Dubeux</p>



<p class="has-text-align-left has-small-font-size">Bolsistas: João Caldas, Leonardo Dutra de Moraes, Mariana Martins Pinheiro, Mariana Rodrigues de Sousa Cardoso, Ohana Cristine da Silva Rodrigues e Thiago Mendonça Vargas.</p>



<p>Webmaster: Marcello Rosauro</p>



<hr class="wp-block-separator has-text-color has-lightgrey-color has-alpha-channel-opacity has-lightgrey-background-color has-background is-style-dots"/>



<div class="wp-block-columns is-layout-flex wp-container-core-columns-is-layout-28f84493 wp-block-columns-is-layout-flex">
<div class="wp-block-column is-layout-flow wp-block-column-is-layout-flow">
<p class="has-tertiary-color has-text-color has-link-color has-small-font-size wp-elements-5fa311135876069caa295540cc68481c"><strong><em>Arquivo Nacional</em></strong></p>



<figure class="wp-block-image size-large has-custom-border"><img fetchpriority="high" decoding="async" width="864" height="1024" src="https://antigasfabricasdorio.espm.edu.br/wp-content/uploads/2024/12/dstq_1080x1280_Arquivo-864x1024.jpg" alt="" class="has-border-color has-lightgrey-border-color wp-image-33" style="border-width:1px" srcset="https://antigasfabricasdorio.espm.edu.br/wp-content/uploads/2024/12/dstq_1080x1280_Arquivo-864x1024.jpg 864w, https://antigasfabricasdorio.espm.edu.br/wp-content/uploads/2024/12/dstq_1080x1280_Arquivo-253x300.jpg 253w, https://antigasfabricasdorio.espm.edu.br/wp-content/uploads/2024/12/dstq_1080x1280_Arquivo.jpg 1080w" sizes="(max-width: 864px) 100vw, 864px" /></figure>



<p>Antiga Casa da Moeda no período de 1868 a 1963, localizada no Centro do Rio de Janeiro.&nbsp;</p>
</div>



<div class="wp-block-column is-layout-flow wp-block-column-is-layout-flow">
<p class="has-tertiary-color has-text-color has-link-color wp-elements-96706094157cf7b5f334b2e61a991226"><strong><em>Casa França Brasil</em></strong></p>



<figure class="wp-block-image size-large has-custom-border"><img decoding="async" width="864" height="1024" src="https://antigasfabricasdorio.espm.edu.br/wp-content/uploads/2024/12/dstq3_1080x1280_Arquivo-864x1024.jpg" alt="" class="has-border-color has-lightgrey-border-color wp-image-42" style="border-width:1px" srcset="https://antigasfabricasdorio.espm.edu.br/wp-content/uploads/2024/12/dstq3_1080x1280_Arquivo-864x1024.jpg 864w, https://antigasfabricasdorio.espm.edu.br/wp-content/uploads/2024/12/dstq3_1080x1280_Arquivo-253x300.jpg 253w, https://antigasfabricasdorio.espm.edu.br/wp-content/uploads/2024/12/dstq3_1080x1280_Arquivo.jpg 1080w" sizes="(max-width: 864px) 100vw, 864px" /></figure>



<p>Denominada como Alfândega, o espaço localizado no Centro do Rio de Janeiro, atuava como galpão para navegação de cargas entre o período de 1820 e 1944</p>
</div>



<div class="wp-block-column is-layout-flow wp-block-column-is-layout-flow">
<p class="has-tertiary-color has-text-color has-link-color wp-elements-7bc170efe231e215d0beba8bed46b835"><strong><em>Gasômetro</em></strong></p>



<figure class="wp-block-image size-large has-custom-border"><img decoding="async" width="864" height="1024" src="https://antigasfabricasdorio.espm.edu.br/wp-content/uploads/2025/02/dstq2_1080x1280_gasometro-864x1024.jpg" alt="" class="has-border-color has-lightgrey-border-color wp-image-76" style="border-width:1px" srcset="https://antigasfabricasdorio.espm.edu.br/wp-content/uploads/2025/02/dstq2_1080x1280_gasometro-864x1024.jpg 864w, https://antigasfabricasdorio.espm.edu.br/wp-content/uploads/2025/02/dstq2_1080x1280_gasometro-253x300.jpg 253w, https://antigasfabricasdorio.espm.edu.br/wp-content/uploads/2025/02/dstq2_1080x1280_gasometro.jpg 1080w" sizes="(max-width: 864px) 100vw, 864px" /></figure>



<p class="has-primary-color has-text-color has-link-color wp-elements-d16ad65a16dc0dd2ea16b5f0c3cb276c">Localizado em São Cristóvão, o espaço tem o planejamento de ser o futuro Estádio do Clube de Regatas do Flamengo<br></p>
</div>
</div>



<div style="height:66px" aria-hidden="true" class="wp-block-spacer"></div>



<hr class="wp-block-separator has-text-color has-lightgrey-color has-alpha-channel-opacity has-lightgrey-background-color has-background is-style-dots" style="margin-top:0;margin-bottom:0"/>



<p class="has-text-align-left has-background-color has-text-color has-background has-link-color wp-elements-6be42de8a9ff32a3957fe2b419c6cf27" style="background:linear-gradient(135deg,rgb(157,157,157) 0%,rgb(255,139,0) 99%);font-style:italic;font-weight:100">Se entiende por patrimonio industrial el conjunto de los bienes muebles, inmuebles y sistemas de sociabilidad relacionados con la cultura del trabajo que han sido generados&nbsp; por las actividades de extracción, de transformación, de transporte, de distribución y de gestión generados por el sistema económico surgido de la “revolución industrial”. Estos bienes se deben entender como un todo compuesto por el paisaje en el que se integran, las relaciones industriales en que se estructuran, las arquitecturas que los caracterizan, las técnicas utilizadas en sus procedimientos, los archivos generados durante su actividad y sus prácticas de carácter simbólico.</p>



<p class="has-text-align-right has-x-small-font-size">Carta de Sevilla de Património Industrial 2018<br>International Committee for Conservation Industrial Heritage (TICCIH)</p>



<p class="has-text-align-center"></p>



<p></p>

<p>O projeto de pesquisa Refuncionalização de instalações industriais em espaços da economia criativa: patrimônio industrial e transformação de instalações industriais em espaços culturais, criativos e de consumo na cidade do Rio de Janeiro é financiado através da Chamada do Conselho Nacional de Desenvolvimento Científico e Tecnológico, através do Ministério da Ciência, Tecnologia e Inovações e &hellip; </p>
<p class="link-more"><a href="https://antigasfabricasdorio.espm.edu.br/" class="more-link">Read more<span class="screen-reader-text"> &#8220;Institucional&#8221;</span></a></p>
